the greatest common factor of 44 and x.
44
Let n(l) = -l**3 + 10*l**2 + 12*l + 9. Suppose 3*d - 4*x = -3*x + 30, 2*d + 2*x - 28 = 0. Let f be n(d). What is the highest common divisor of f and 5?
5
Suppose 0 = -5*q + 4*k + 12, 2*q - 8 = -5*k + 10. Let n = -9 + 21. What is the highest common factor of q and n?
4
Suppose 2*j = -5*v + j + 75, -4*j + 90 = 5*v. Let i = 13 - 7. Suppose c - i*c = -35. Calculate the greatest common divisor of v and c.
7
Suppose -5*s + 4*l = -279, -4*l - 2 = -2*l. Calculate the greatest common divisor of s and 11.
11
Suppose -y = -2*b + 33, -4*b + 6*y + 76 = 2*y. What is the highest common divisor of b and 28?
14
Suppose -2*l = -5*n - 5*l + 75, -3*l = -4*n + 33. What is the highest common divisor of 3 and n?
3
Let m = 392 + -275. Let l(n) = n**2 + 4*n - 4. Let j be l(-4). Let i(k) = k**2 - 3. Let b be i(j). What is the greatest common factor of m and b?
13
Suppose -t - 2*t - 777 = -4*d, 0 = -2*t - 6. Let j be (-236)/(-10) + 6/15. Calculate the greatest common divisor of d and j.
24
Let b = 63 - 96. Let z be (1 + 1)*b/(-6). Calculate the highest common divisor of 99 and z.
11
Let m be (120/54 - 4/18) + 22. Calculate the highest common divisor of 16 and m.
8
Let w be (2 + 72/(-21))/(1/(-14)). Let z be (1 + 0)*1 + 49. Calculate the greatest common divisor of z and w.
10
Suppose 2*r - 105 = 5*c, -3*r + 114 = -r - 2*c. Calculate the greatest common factor of 36 and r.
12
Let c(g) = g**2 + 4*g + 7. Let k be c(-8). What is the highest common divisor of k and 13?
13
Let a(m) = 6*m + 47. Let u be a(-7). What is the greatest common divisor of u and 35?
5
Let u = -7 + -2. Let o(c) = c + 17. Let a be o(u). What is the highest common divisor of 20 and a?
4
Suppose 12 = 4*f - 2*f. Calculate the greatest common factor of f and 48.
6
Let i = 2 - 3. Suppose -2 = -3*c + 4. Let j be (c/i)/((-6)/57). Calculate the greatest common factor of j and 19.
19
Let k be (-1)/(-2*(-3)/(-78)). Let t = 24 - k. Calculate the highest common factor of t and 66.
11
Suppose 0 = n - 2, -3*n - 6 + 22 = m. What is the highest common divisor of m and 30?
10
Let i(c) = -c**2 - 7*c - 7. Let q be i(-5). Suppose 3*v = b + 309, -q*v - 4*b + 229 = -95. What is the greatest common factor of v and 13?
13
Let h be (-6)/(-3) + 1 + 0. Suppose -4*t + t + 15 = 5*a, -4*t + h = a. Suppose a*v = v + 4, -2*i + 3*v + 120 = 0. What is the highest common factor of 7 and i?
7
Let x be (10 + -6)/(2/(-9)). Let y = x + 31. Calculate the greatest common factor of 52 and y.
13
Let u = 56 + -20. What is the greatest common divisor of 60 and u?
12
Let o = 7 - -7. Let u be -3*(1/(-6))/((-3)/(-12)). Calculate the greatest common factor of u and o.
2
Let u = -7 + 15. Suppose m + u = 2*m. Calculate the greatest common divisor of m and 56.
8
Let b be ((-16)/20)/((-1)/100). What is the highest common divisor of b and 10?
10
Let o be -4 + (26 - -4) + -3. What is the greatest common divisor of 207 and o?
23
Suppose -31 = -4*g - n + 26, 4*n + 10 = g. Let y be -1*3 + (-785)/(-5). Calculate the greatest common divisor of g and y.
14
Suppose 1 + 10 = -p + 4*a, -5*p = 5*a - 70. What is the highest common divisor of 45 and p?
9
Suppose -2*n + 20 = 3*h - 2*h, -n = -3*h - 17. Let u be 2 + (10/(-1) - -1). Let v(k) = -2*k - 3. Let q be v(u). What is the highest common divisor of q and n?
11
Let w = 28 + -21. Calculate the greatest common factor of w and 7.
7
Let h = 95 + -82. Calculate the highest common divisor of 39 and h.
13
Suppose w - 8 = -w. Let y = -76 + 88. Calculate the highest common factor of w and y.
4
Let b = 10 - -10. Let h(l) = l**3 - 2*l - 6*l**2 + 4*l + 9 - 16. Let z be h(6). What is the greatest common factor of b and z?
5
Let q(c) = -2*c + 2. Let i be q(-11). What is the highest common factor of 12 and i?
12
Suppose -120 = -2*h + 118. Suppose 2*t - 29 - h = d, -5*t + 376 = -4*d. What is the highest common divisor of t and 9?
9
Suppose t + 2*z = 246, -3*t - 2*z = -240 - 510. Calculate the highest common divisor of 18 and t.
18
Suppose -4*p + 20*p - 1200 = 0. Let v be 4/(-18) - (-544)/18. What is the greatest common divisor of v and p?
15
Suppose 0 = 5*w + 4*n - 99 + 9, 2*n = -4*w + 78. Calculate the highest common divisor of 11 and w.
11
Let o(b) = 11*b + 6. Let r be o(2). Calculate the greatest common divisor of r and 42.
14
Let k be (-5 - (-1 + -5))*11. Let o = -153 + 241. Calculate the highest common factor of k and o.
11
Suppose 420 = 4*v + v. What is the highest common factor of v and 21?
21
Let y = 5 + 21. What is the greatest common divisor of 65 and y?
13
Suppose 0 = 2*a - 2*f - 0*f - 122, -2*a - 3*f = -97. What is the highest common factor of a and 7?
7
Let l = 14 + -12. Suppose -l*q + 4*q = 40. Calculate the greatest common factor of 4 and q.
4
Let x be 5/(-20) - (-201)/4. Let u be (2*(-6)/8)/((-9)/60). What is the greatest common divisor of x and u?
10
Suppose 5 = 5*u - 4*o, 0*o - 3*o = 0. Calculate the greatest common divisor of 11 and u.
1
Suppose -7 + 4 = -3*c. Let v be (-1 - 1) + 7 + -2. Let a be v - ((-105)/c)/1. Calculate the highest common divisor of 12 and a.
12
Suppose -f + 2*m = -143, 0*m - m = 0. What is the highest common divisor of 13 and f?
13
Let d be (6/9)/((-4)/(-6)). Let p be (-1)/((2/d)/(-2)). Suppose 0*u = u - 4*i + 4, 0 = 2*i - 4. Calculate the greatest common factor of u and p.
1
Let a(n) = -4*n. Let d be a(-8). Let t be 2/2 + d + 0. Let p be (-12)/(-20)*5 + 0. Calculate the greatest common divisor of p and t.
3
Let f(y) = -3*y**2 - 17*y + 12. Let h be f(-5). What is the highest common factor of 11 and h?
11
Let a = 72 + -32. Suppose a = 3*r + r. Suppose 0*g + g = 2*y + 5, -5*y = r. What is the greatest common factor of 4 and g?
1
Let a(z) = z**3 + 9*z**2 + 8*z + 10. Let t(y) = -y**3 - 9*y**2 + 12*y + 12. Let b be t(-10). Let k be a(b). Calculate the greatest common factor of k and 80.
10
Let f = 10 + 2. Let o(s) = s**3 - 13*s**2 + 15*s + 16. Let m be o(f). Calculate the greatest common factor of m and 13.
13
Let j = -162 + 288. Suppose 2*a - 2*v + 16 = 0, -v - 12 = a - 4*v. Let f be (-96)/(-7) + a/(-21). What is the greatest common divisor of j and f?
14
Let n = 62 + -48. What is the greatest common divisor of 126 and n?
14
Let t = 10 - 6. Suppose 2 + 10 = -t*c. Let n be ((-40)/3)/(c/9). What is the highest common divisor of 5 and n?
5
Let m be ((-3)/1)/((-6)/392). Let t be m/9 - (-2)/9. Let k be (5 - 17)*(-66)/4. What is the highest common factor of k and t?
22
Let t = 132 + -94. Calculate the highest common divisor of 95 and t.
19
Let v = 26 - -10. What is the greatest common factor of v and 54?
18
Let p(j) = -j**2 - 4*j + 3. Let z be p(-4). Suppose 0 = -0*f + z*f - 54. Let n = 29 + -17. Calculate the greatest common divisor of n and f.
6
Let t(r) = 12*r - 33. Let s be t(5). Calculate the greatest common factor of s and 9.
9
Let r(z) = z**3 + 1. Let o be r(0). Let v(q) = -q**3 - 5*q**2 - 4*q + 2. Let c be v(-4). What is the highest common divisor of c and o?
1
Let b(x) = 4*x**2 + 1. Let m be b(-1). Let t be m + 0 + 6/3. What is the greatest common factor of 63 and t?
7
Suppose 0 = 3*c - 2*m - 135, 5*c + m - 200 = -4*m. Let l = c - 61. Let u = l - -30. What is the highest common divisor of u and 18?
6
Suppose -5*d + 8 = -2. Let o(m) = -4*m - d + 1 + 3. Let p be o(-2). Calculate the highest common divisor of p and 20.
10
Let k be 164/3 + 3 + (-66)/18. What is the highest common divisor of 6 and k?
6
Let q be (9 - 3)/(6/21). What is the highest common divisor of q and 7?
7
Let y = -3 + 3. Let x = 35 + y. Suppose 35 = 3*t + 2*t. What is the greatest common divisor of x and t?
7
Suppose 7*r - 6*r - 331 = -3*v, -r + 1 = 0. Let a = 6 + 38. What is the greatest common factor of a and v?
22
Let n be (-1 - -4) + (11 - 2). Let q(f) = 2*f**3 + f**2 - 4*f - 1. Let j be q(3). Let v = j + -2. What is the highest common divisor of n and v?
12
Suppose 10 = 4*u - 38. Let a(m) = 6*m**2 + 2*m. Let b be a(-3). Calculate the highest common factor of u and b.
12
Let v(z) = z**3 - 3*z**2 - z + 3. Let f be v(5). What is the highest common divisor of 48 and f?
48
Let k(l) = 2*l**2 - l - 14. Let a be k(-3). Suppose -4*x + 249 = 4*n - 5*x, -n = -2*x - 57. Calculate the highest common divisor of a and n.
7
Suppose 0 = 4*f + 2 - 18, -5*f + 24 = 2*a. Suppose -a*l + 6*l = 32. Ca